{"id":981,"date":"2013-12-04T15:45:53","date_gmt":"2013-12-04T13:45:53","guid":{"rendered":"http:\/\/liquid-news.de\/?page_id=981"},"modified":"2020-07-20T18:44:34","modified_gmt":"2020-07-20T18:44:34","slug":"e-zigaretten-hersteller-4","status":"publish","type":"page","link":"https:\/\/liquid-news.com\/e-zigaretten\/e-zigaretten-hersteller-4\/","title":{"rendered":"e-Zigaretten Hersteller"},"content":{"rendered":"<h1>e-Zigaretten Hersteller<\/h1>\n<p><img loading=\"lazy\" decoding=\"async\" class=\"aligncenter size-full wp-image-20470\" src=\"https:\/\/liquid-news.com\/e-zigaretten\/wp-content\/uploads\/2020\/07\/e-Zigaretten-Hersteller.jpg\" alt=\"e-Zigaretten Hersteller\" width=\"640\" height=\"360\" srcset=\"https:\/\/liquid-news.com\/e-zigaretten\/wp-content\/uploads\/2020\/07\/e-Zigaretten-Hersteller.jpg 640w, https:\/\/liquid-news.com\/e-zigaretten\/wp-content\/uploads\/2020\/07\/e-Zigaretten-Hersteller-356x200.jpg 356w, https:\/\/liquid-news.com\/e-zigaretten\/wp-content\/uploads\/2020\/07\/e-Zigaretten-Hersteller-10x6.jpg 10w\" sizes=\"auto, (max-width: 640px) 100vw, 640px\" \/><\/p>\n<h2>Die bekanntesten e-Zigaretten Hersteller<\/h2>\n<p>\u00dcber 90% aller in Deutschland vertriebenen <a href=\"https:\/\/liquid-news.com\/e-zigaretten\/die-e-zigarette-entstehung-und-geschichte-der-e-cigarette\/\">e-Zigaretten<\/a> stammen aus China; fast das gleiche l\u00e4sst sich von den angebotenen Liquids sagen. Zuf\u00e4lligerweise bleibt damit das Herkunftsland der elektronischen Zigarette auch gleichzeitig ihr gr\u00f6\u00dfter Exporteur &#8211; normalerweise werden Erfindungen ja heutzutage irgendwo auf der Welt gemacht, um dann in China f\u00fcr den Massenmarkt produziert zu werden.<\/p><div class=\"ln-132-firstparagraph ln-entity-placement\" id=\"ln-1030060860\"><div id=\"ln-356208865\"><a href=\"https:\/\/a.check24.net\/misc\/click.php?pid=120053&amp;aid=18&amp;deep=dsl-anbieterwechsel&amp;cat=4\" target=\"_blank\" rel=\"nofollow sponsered noopener\"><img loading=\"lazy\" decoding=\"async\" class=\"alignnone wp-image-6518 size-full\" src=\"https:\/\/liquid-news.com\/wp-content\/uploads\/2024\/02\/Check24DSL350.jpg\" alt=\"\" width=\"300\" height=\"250\" \/><\/a><\/div><\/div>\n<p>Wir stellen hier die f\u00fcnf der momentan erfolgreichsten und bekanntesten chinesischen eCigarette-Hersteller vor: Boge, Innokin, Joyetech, Vision und Kanger &#8211; die \u00fcbrigens alle in Shenzhen beheimatet sind und zwischen 2007 und 2008 gegr\u00fcndet wurden. Dragonite International Limted, das Unternehmen, dem der<a title=\"Die e-Zigarette: Entstehung und Geschichte\" href=\"https:\/\/liquid-news.com\/e-zigaretten\/die-e-zigarette-entstehung-und-geschichte-der-e-cigarette\/\"> eZigaretten-Erfinder Hon Lik<\/a> vorsteht, liegt dabei international recht weit dahinter.<\/p>\n<p style=\"text-align: center;\"><img loading=\"lazy\" decoding=\"async\" class=\"size-full wp-image-1796 aligncenter\" src=\"https:\/\/liquid-news.com\/e-zigaretten\/wp-content\/uploads\/2013\/12\/boge-logo.jpg\" alt=\"Boge electronic Cigarettes\" width=\"151\" height=\"45\" srcset=\"https:\/\/liquid-news.com\/e-zigaretten\/wp-content\/uploads\/2013\/12\/boge-logo.jpg 251w, https:\/\/liquid-news.com\/e-zigaretten\/wp-content\/uploads\/2013\/12\/boge-logo-10x3.jpg 10w\" sizes=\"auto, (max-width: 151px) 100vw, 151px\" \/><\/p>\n<h2>Boge<\/h2>\n<p>Die Boge Technology Co. Ltd , eine Tochter der Dekang Biotechnology Co. Ltd, geh\u00f6rt zu den Pionieren der Hersteller von elektronischen Zigaretten. Die starke Verbindung zu Dekang, dem Marktf\u00fchrer f\u00fcr e-Liquids, hat die Entwicklung des Unternehmens wesentlich beeinflusst. Der e-Zigaretten Hersteller Boge hat \u00fcber die Jahre ein breites Sortiment an elektronischen Zigaretten auf den Markt gebracht. Die wohl bekannteste eCigarette von Boge ist die Leo, die durch den deutschen H\u00e4ndler red kiwi ihren Weg nach Deutschland fand. Boge e-Cigarettes sind in in mehr als 50 L\u00e4ndern der Welt verf\u00fcgbar. Dazu geh\u00f6ren die USA, Japan, Russland, Gro\u00dfbritannien, Frankreich, Spanien, Portugal und S\u00fcdafrika. Boge legt gro\u00dfen Wert auf Kundenzufriedenheit und hat neben seinen technischen Fachabteilungen auch eine eigens geschaffene Abteilung f\u00fcr den Kunden Support.<\/p>\n<p>Produktreihen: Leo, Lea, Einweg Zigaretten, 510 Cartomizer<\/p>\n<p style=\"text-align: center;\"><a href=\"https:\/\/liquid-news.com\/e-zigaretten\/vision-elektrische-zigaretten\/\"><img loading=\"lazy\" decoding=\"async\" class=\"wp-image-782 aligncenter\" src=\"https:\/\/liquid-news.com\/e-zigaretten\/wp-content\/uploads\/2013\/10\/innokin-logo_b-300x159.jpg\" alt=\"Innokin Electronic Cigarettes\" width=\"172\" height=\"141\" \/><\/a><\/p>\n<h2>Innokin<\/h2>\n<p>Getreu seinem Namen, setzt Innokin auf eine starke Entwicklungsabteilung und einen konstanten Fluss an innovativen Produkten. Das selbstgesetzte Ziel ist die Markteinf\u00fchrung eines neuen Produktes alle drei Monate und mindestens vier neuer Modelle pro Jahr, die alle im eigenen Unternehmen entworfen und produziert werden. Das unternehmensinterne Qualit\u00e4tsmanagement sieht f\u00fcnf Kontrollg\u00e4nge je Produktlinie sowie eine konstante Mitarbeiterweiterbildung vor. Ebenfalls betont Innokin eine hohe Servicequalit\u00e4t und die Einbindung von Kundenfeedback in den Entwicklungsprozess.<\/p>\n<p>Produktreihen: iTaste EP, iTaste VV, iTaste MVP, iTaste SVD, iClear, LeoPro, Ucan, CoolFire, iTaste 134, iTaste VTR, diverse eGo Clones<\/p>\n<p><a title=\"Innokin\" href=\"https:\/\/liquid-news.com\/e-zigaretten\/innokin\/\">Innokin Electronic Cigarette<\/a><\/p>\n<h2><a href=\"https:\/\/liquid-news.com\/e-zigaretten\/joyetech\/\"><img loading=\"lazy\" decoding=\"async\" class=\"size-medium wp-image-669 aligncenter\" src=\"https:\/\/liquid-news.com\/e-zigaretten\/wp-content\/uploads\/2013\/11\/joyetech-logo_g-300x160.jpg\" alt=\"Joyetech Electronic Cigarettes\" width=\"300\" height=\"160\" srcset=\"https:\/\/liquid-news.com\/e-zigaretten\/wp-content\/uploads\/2013\/11\/joyetech-logo_g-300x160.jpg 300w, https:\/\/liquid-news.com\/e-zigaretten\/wp-content\/uploads\/2013\/11\/joyetech-logo_g-10x5.jpg 10w, https:\/\/liquid-news.com\/e-zigaretten\/wp-content\/uploads\/2013\/11\/joyetech-logo_g-374x200.jpg 374w, https:\/\/liquid-news.com\/e-zigaretten\/wp-content\/uploads\/2013\/11\/joyetech-logo_g.jpg 375w\" sizes=\"auto, (max-width: 300px) 100vw, 300px\" \/><\/a><\/h2>\n<h2>Joyetech<\/h2>\n<p>Joyetech, dessen Firmenname sich mit dem sinnigen Slogan &#8222;Joy Life with E Technology&#8220; erkl\u00e4rt, ist das unter deutschen Dampfern wohl bekannteste Unternehmen; besonders beliebt sind die eGo-T und eGo-C Modelle. Letztere sind nicht nur die in Deutschland am h\u00e4ufigsten empfohlenen und in Tests am erfolgreichsten abschneidenden eCigarettes \u00fcberhaupt. Sie sind die auch die Vorbilder der sogenannten eGo-Clones, technisch nahezu identisch nachempfundener Modelle der Wettbewerber.<br \/>\n<span style=\"color:red\">[wbcr_snippet]: PHP snippets error (not passed the snippet ID)<\/span><\/p>\n<p>Von allen chinesischen eZigaretten Herstellern hat Joyetech wohl am ehesten im strategischen Stil Markenentwicklung betrieben, um sich \u00fcber Design und Image genauso wie \u00fcber Preis und Dampfkomfort zu definieren. Konsequenterweise sind Joyetech eZigaretten auch die am h\u00e4ufigsten kopierten eCigarette-Modelle weltweit. Ebenfalls innovativ ist die europ\u00e4ische Exportpolitik des E-Zigaretten Herstellers: Vor nicht allzu langer Zeit wurde neben einer Vertretung in Frankreich auch Joyetech Deutschland gegr\u00fcndet.<\/p>\n<p>Auf ihrer Webseite stellt Joyetech neben Innovations- und Servicebereitschaft besonders sein &#8222;Humanistische Management&#8220; in den Vordergrund, um auf das besonders famili\u00e4re Arbeitsumfeld aufmerksam zu machen.<\/p>\n<p>Produktreihen: Joye eGo, Joye eGo-T, Joye 510, Joye 510-T, Joye 302, Joye 306 (Mini Fogger, Joye 306A, Super Mini), Joye 303 (Joye 303A), Joye 301, Joye 307, Joye Stick (Janty Stick)<\/p>\n<p><a title=\"Joyetech\" href=\"https:\/\/liquid-news.com\/e-zigaretten\/joyetech\/\">Joytech Electronic Cigarette<\/a><\/p>\n<p style=\"text-align: center;\"><a href=\"https:\/\/liquid-news.com\/e-zigaretten\/vision-elektrische-zigaretten\/\"><img loading=\"lazy\" decoding=\"async\" class=\"size-medium wp-image-677 aligncenter\" src=\"https:\/\/liquid-news.com\/e-zigaretten\/wp-content\/uploads\/2013\/11\/vision-logo_g-300x160.jpg\" alt=\"Vision Electronic Cigarette\" width=\"300\" height=\"160\" srcset=\"https:\/\/liquid-news.com\/e-zigaretten\/wp-content\/uploads\/2013\/11\/vision-logo_g-300x160.jpg 300w, https:\/\/liquid-news.com\/e-zigaretten\/wp-content\/uploads\/2013\/11\/vision-logo_g-10x5.jpg 10w, https:\/\/liquid-news.com\/e-zigaretten\/wp-content\/uploads\/2013\/11\/vision-logo_g-374x200.jpg 374w, https:\/\/liquid-news.com\/e-zigaretten\/wp-content\/uploads\/2013\/11\/vision-logo_g.jpg 375w\" sizes=\"auto, (max-width: 300px) 100vw, 300px\" \/><\/a><\/p>\n<h2>Vision<\/h2>\n<p>Vision High-Technology Co., Ltd., so der volle Unternehmensname, umfasst eine Produktionsst\u00e4tte von 13.000 qm, besch\u00e4ftigt 700 Angestellte und kann pro Tag bis zu 11.500 Sets produzieren. An der Forschung und Entwicklung neuer Produktlinien sind 49 Ingenieure beteiligt, die bisher 39 Patente angemeldet haben. Vision behauptet au\u00dferdem von sich, eines der h\u00f6chst entwickelten Entwicklungslabore der gesamten Industrie zu betreiben (Es muss allerdings dazu gesagt werden, dass so gut wie alle chinesischen Firmen mit Superlativen hinsichtlich der eigenen Marktf\u00fchrerschaft nicht geizen). Essenziell f\u00fcr den Vision-Erfolg war die Einf\u00fchrung der Modelle Vision EGo, Vision 2.0, Nova Tank, ET und Spinner &#8211; Zeichen einer Innovationsbereitschaft, in die Vision j\u00e4hrlich ein Viertel seiner eCigarette-Gewinne investiert. Das Qualit\u00e4tsmanagement bem\u00fcht sich, durch international anerkannte Zertifizierungen weltweit anerkannt zu werden.<\/p>\n<p>Produktreihen: Vision EGo, Vision 2.0, Nova Tank, ET, Spinner<\/p>\n<p><a title=\"Vision\" href=\"https:\/\/liquid-news.com\/e-zigaretten\/vision-elektrische-zigaretten\/\">Vision Electronic Cigarette<\/a><\/p>\n<h2><\/h2>\n<p style=\"text-align: center;\"><a href=\"https:\/\/liquid-news.com\/e-zigaretten\/wp-content\/uploads\/2013\/12\/kanger.jpg\"><img loading=\"lazy\" decoding=\"async\" class=\" wp-image-1068 aligncenter\" src=\"https:\/\/liquid-news.com\/e-zigaretten\/wp-content\/uploads\/2013\/12\/kanger-300x57.jpg\" alt=\"Kanger Electronic Cigarettes\" width=\"240\" height=\"46\" srcset=\"https:\/\/liquid-news.com\/e-zigaretten\/wp-content\/uploads\/2013\/12\/kanger-300x57.jpg 300w, https:\/\/liquid-news.com\/e-zigaretten\/wp-content\/uploads\/2013\/12\/kanger-10x2.jpg 10w, https:\/\/liquid-news.com\/e-zigaretten\/wp-content\/uploads\/2013\/12\/kanger.jpg 337w\" sizes=\"auto, (max-width: 240px) 100vw, 240px\" \/><\/a><\/p>\n<h2>Kanger<\/h2>\n<p style=\"text-align: left;\">Wie auch seine Mitbewerber, beruft Kanger sich auf seine Innovationsbereitschaft bei gleichzeitiger Betonung des Qualit\u00e4tscharakters. Bekannt wurde die Firma haupts\u00e4chlich durch die &#8222;KR&#8220;-Serie; die klassische KR808D-1 war die erste E-Zigarette mit Cartomizer, also einem kombinierten Verdampfer und Depot in einem einzigen Ger\u00e4t. Gleichzeitig stellt Kanger aber auch sogenannte Clones der beliebten eGo-Serie von Joyetech her, etwa die KR VGO, KR eGo (510D) und die V4.<\/p>\n<p style=\"text-align: left;\">Produktreihen: KR808D-1, KR808D-2, KR808D-3, KR808D-M, KR808A, KR808DP, KR808C, KR808D-2P, KR808G-1, KR708-1, KR738, V2, V4, KR-510D, Go-Go, KR608, KR608A, KR-108, KR-208, KR-308, KR-301<\/p>\n<p style=\"text-align: left;\">Aktuelle Produkte: <a title=\"Kanger Pro Tank \u2013 Der Vergleich der Versionen\" href=\"https:\/\/liquid-news.com\/e-zigaretten\/kanger-pro-tank\/\">Pro Tank<\/a>. <a title=\"Kanger Aero Tank\" href=\"https:\/\/liquid-news.com\/e-zigaretten\/kanger-aero-tank\/\"><span class=\"item-title\">Aero Tank<\/span><\/a>. <a title=\"Kanger AeroTank Mega \u2013 BDCC Airflow Control\" href=\"https:\/\/liquid-news.com\/e-zigaretten\/kanger-aerotank-mega-bdcc-airflow-control-2\/\"> AeroTank Mega Air-Control.<\/a> <a title=\"Kanger EVOD Starterset\" href=\"https:\/\/liquid-news.com\/e-zigaretten\/kanger-evod-starterset\/\">EVOD eCigarette<\/a><\/p>\n<p style=\"text-align: center;\"><img loading=\"lazy\" decoding=\"async\" class=\"aligncenter wp-image-2209 size-thumbnail\" src=\"https:\/\/liquid-news.com\/e-zigaretten\/wp-content\/uploads\/2014\/02\/nioy-logo-150x150.jpg\" alt=\"NJOY electronic cigarette\" width=\"150\" height=\"150\" srcset=\"https:\/\/liquid-news.com\/e-zigaretten\/wp-content\/uploads\/2014\/02\/nioy-logo-150x150.jpg 150w, https:\/\/liquid-news.com\/e-zigaretten\/wp-content\/uploads\/2014\/02\/nioy-logo-10x10.jpg 10w, https:\/\/liquid-news.com\/e-zigaretten\/wp-content\/uploads\/2014\/02\/nioy-logo-100x100.jpg 100w, https:\/\/liquid-news.com\/e-zigaretten\/wp-content\/uploads\/2014\/02\/nioy-logo-75x75.jpg 75w\" sizes=\"auto, (max-width: 150px) 100vw, 150px\" \/><\/p>\n<h2 style=\"text-align: left;\">NJOY Electronic Cigarette<\/h2>\n<p style=\"text-align: left;\">NJOY ist ein amerikanischer Hersteller von Einweg e-Zigaretten. Mit der NJOY King geh\u00f6rt diese eZigarette zu den f\u00fchrenden in den USA. NJOY bezeichnet sich selbst als die Nr. 1 in den USA. <a title=\"NJOY Electronic Cigarette\" href=\"https:\/\/liquid-news.com\/e-zigaretten\/njoy-electronic-cigarette\/\">Weitere Informationen zu NJOY<\/a><\/p>\n<p><img loading=\"lazy\" decoding=\"async\" class=\"aligncenter wp-image-3030 size-full\" src=\"https:\/\/liquid-news.com\/e-zigaretten\/wp-content\/uploads\/2014\/04\/japan-tobacco.jpg\" alt=\"Japan Tobacco\" width=\"107\" height=\"85\" srcset=\"https:\/\/liquid-news.com\/e-zigaretten\/wp-content\/uploads\/2014\/04\/japan-tobacco.jpg 107w, https:\/\/liquid-news.com\/e-zigaretten\/wp-content\/uploads\/2014\/04\/japan-tobacco-10x8.jpg 10w\" sizes=\"auto, (max-width: 107px) 100vw, 107px\" \/><\/p>\n<h2>JTI Japan Tobbacco International<\/h2>\n<p>JTI, Japan Tobbaco International kommt aus dem Tabakgesch\u00e4ft und ist global der drittgr\u00f6\u00dfte Tabakhersteller. Auf dem e-Zigaretten- Markt ist JTI mit zwei unterschiedlichen Produkten erschienen. Die <a href=\"https:\/\/liquid-news.com\/e-zigaretten\/ploom-rethink-tobacco\/\">Ploom <\/a>aus dem gleichnamigen Unternehmen f\u00fcr das JTI die exklusiven Vertriebsrechte besitzt und im internalionalen Vertrieb die <a href=\"https:\/\/liquid-news.com\/e-zigaretten\/vuse-elektronische-zigarette-von-rj-reynolds\/\">Vuse <\/a>die von <a href=\"https:\/\/liquid-news.com\/e-zigaretten\/r-j-reynolds\/\">R.J. Reynolds Tobacco<\/a> hergestellt wird. Mehr \u00fcber <a title=\"JT Japan Tobbacco International\" href=\"https:\/\/liquid-news.com\/e-zigaretten\/jt-japan-tobbacco\/\">Japan Tobbacco International<\/a><\/p><div class=\"ln-300-bottom ln-entity-placement\" id=\"ln-3476951910\"><div id=\"ln-2397083121\"><a href=\"https:\/\/a.check24.net\/misc\/click.php?pid=120053&amp;aid=18&amp;deep=handytarife&amp;cat=7\"><img loading=\"lazy\" decoding=\"async\" class=\"alignnone size-full wp-image-6519\" src=\"https:\/\/liquid-news.com\/wp-content\/uploads\/2024\/02\/Check24Mobi234.jpg\" alt=\"\" width=\"234\" height=\"60\" \/><\/a><\/div><\/div>\n<p>&nbsp;<\/p>\n<p>&nbsp;<\/p>\n","protected":false},"excerpt":{"rendered":"<p>e-Zigaretten Hersteller Die bekanntesten e-Zigaretten Hersteller \u00dcber 90% aller in Deutschland vertriebenen e-Zigaretten stammen aus China; fast das gleiche l\u00e4sst sich von den angebotenen Liquids sagen. Zuf\u00e4lligerweise bleibt damit das Herkunftsland der elektronischen Zigarette auch gleichzeitig ihr gr\u00f6\u00dfter Exporteur &#8211; normalerweise werden Erfindungen ja heutzutage irgendwo auf der Welt gemacht, um dann in China f\u00fcr [&hellip;]<\/p>\n","protected":false},"author":3,"featured_media":0,"parent":0,"menu_order":0,"comment_status":"open","ping_status":"closed","template":"","meta":{"footnotes":""},"categories":[],"tags":[],"class_list":["post-981","page","type-page","status-publish","hentry"],"yoast_head":"<!-- This site is optimized with the Yoast SEO plugin v27.4 - https:\/\/yoast.com\/product\/yoast-seo-wordpress\/ -->\n<title>e-Zigaretten Hersteller - LIQUID-NEWS<\/title>\n<meta name=\"description\" content=\"e-Zigaretten Hersteller \u00dcber 90% aller in Deutschland vertriebenen eZigaretten stammen aus China; fast das gleiche l\u00e4sst sich von den angebotenen Liquids sa\" \/>\n<meta name=\"robots\" content=\"index, follow, max-snippet:-1, max-image-preview:large, max-video-preview:-1\" \/>\n<link rel=\"canonical\" href=\"https:\/\/liquid-news.com\/e-zigaretten\/e-zigaretten-hersteller-4\/\" \/>\n<meta property=\"og:locale\" content=\"de_DE\" \/>\n<meta property=\"og:type\" content=\"article\" \/>\n<meta property=\"og:title\" content=\"e-Zigaretten Hersteller - LIQUID-NEWS\" \/>\n<meta property=\"og:description\" content=\"e-Zigaretten Hersteller \u00dcber 90% aller in Deutschland vertriebenen eZigaretten stammen aus China; fast das gleiche l\u00e4sst sich von den angebotenen Liquids sa\" \/>\n<meta property=\"og:url\" content=\"https:\/\/liquid-news.com\/e-zigaretten\/e-zigaretten-hersteller-4\/\" \/>\n<meta property=\"og:site_name\" content=\"ezigaretten\" \/>\n<meta property=\"article:publisher\" content=\"https:\/\/www.facebook.com\/pages\/Liquid-News\/547479922011571\" \/>\n<meta property=\"article:modified_time\" content=\"2020-07-20T18:44:34+00:00\" \/>\n<meta property=\"og:image\" content=\"https:\/\/liquid-news.com\/e-zigaretten\/wp-content\/uploads\/2020\/07\/e-Zigaretten-Hersteller.jpg\" \/>\n<meta name=\"twitter:card\" content=\"summary_large_image\" \/>\n<meta name=\"twitter:site\" content=\"@LiquidNews\" \/>\n<meta name=\"twitter:label1\" content=\"Gesch\u00e4tzte Lesezeit\" \/>\n\t<meta name=\"twitter:data1\" content=\"5\u00a0Minuten\" \/>\n<script type=\"application\/ld+json\" class=\"yoast-schema-graph\">{\"@context\":\"https:\\\/\\\/schema.org\",\"@graph\":[{\"@type\":\"WebPage\",\"@id\":\"https:\\\/\\\/liquid-news.com\\\/e-zigaretten\\\/e-zigaretten-hersteller-4\\\/\",\"url\":\"https:\\\/\\\/liquid-news.com\\\/e-zigaretten\\\/e-zigaretten-hersteller-4\\\/\",\"name\":\"e-Zigaretten Hersteller - LIQUID-NEWS\",\"isPartOf\":{\"@id\":\"https:\\\/\\\/1ln.liquid-news.com\\\/e-zigaretten\\\/#website\"},\"primaryImageOfPage\":{\"@id\":\"https:\\\/\\\/liquid-news.com\\\/e-zigaretten\\\/e-zigaretten-hersteller-4\\\/#primaryimage\"},\"image\":{\"@id\":\"https:\\\/\\\/liquid-news.com\\\/e-zigaretten\\\/e-zigaretten-hersteller-4\\\/#primaryimage\"},\"thumbnailUrl\":\"https:\\\/\\\/liquid-news.com\\\/e-zigaretten\\\/wp-content\\\/uploads\\\/2020\\\/07\\\/e-Zigaretten-Hersteller.jpg\",\"datePublished\":\"2013-12-04T13:45:53+00:00\",\"dateModified\":\"2020-07-20T18:44:34+00:00\",\"description\":\"e-Zigaretten Hersteller \u00dcber 90% aller in Deutschland vertriebenen eZigaretten stammen aus China; fast das gleiche l\u00e4sst sich von den angebotenen Liquids sa\",\"breadcrumb\":{\"@id\":\"https:\\\/\\\/liquid-news.com\\\/e-zigaretten\\\/e-zigaretten-hersteller-4\\\/#breadcrumb\"},\"inLanguage\":\"de\",\"potentialAction\":[{\"@type\":\"ReadAction\",\"target\":[\"https:\\\/\\\/liquid-news.com\\\/e-zigaretten\\\/e-zigaretten-hersteller-4\\\/\"]}]},{\"@type\":\"ImageObject\",\"inLanguage\":\"de\",\"@id\":\"https:\\\/\\\/liquid-news.com\\\/e-zigaretten\\\/e-zigaretten-hersteller-4\\\/#primaryimage\",\"url\":\"https:\\\/\\\/liquid-news.com\\\/e-zigaretten\\\/wp-content\\\/uploads\\\/2020\\\/07\\\/e-Zigaretten-Hersteller.jpg\",\"contentUrl\":\"https:\\\/\\\/liquid-news.com\\\/e-zigaretten\\\/wp-content\\\/uploads\\\/2020\\\/07\\\/e-Zigaretten-Hersteller.jpg\",\"width\":640,\"height\":360,\"caption\":\"e-Zigaretten Hersteller\"},{\"@type\":\"BreadcrumbList\",\"@id\":\"https:\\\/\\\/liquid-news.com\\\/e-zigaretten\\\/e-zigaretten-hersteller-4\\\/#breadcrumb\",\"itemListElement\":[{\"@type\":\"ListItem\",\"position\":1,\"name\":\"Home\",\"item\":\"https:\\\/\\\/liquid-news.com\\\/e-zigaretten\\\/\"},{\"@type\":\"ListItem\",\"position\":2,\"name\":\"e-Zigaretten Hersteller\"}]},{\"@type\":\"WebSite\",\"@id\":\"https:\\\/\\\/1ln.liquid-news.com\\\/e-zigaretten\\\/#website\",\"url\":\"https:\\\/\\\/1ln.liquid-news.com\\\/e-zigaretten\\\/\",\"name\":\"ezigaretten\",\"description\":\"Das Online Magazin f\u00fcr e-Zigaretten und Liquids\",\"potentialAction\":[{\"@type\":\"SearchAction\",\"target\":{\"@type\":\"EntryPoint\",\"urlTemplate\":\"https:\\\/\\\/1ln.liquid-news.com\\\/e-zigaretten\\\/?s={search_term_string}\"},\"query-input\":{\"@type\":\"PropertyValueSpecification\",\"valueRequired\":true,\"valueName\":\"search_term_string\"}}],\"inLanguage\":\"de\"}]}<\/script>\n<!-- \/ Yoast SEO plugin. -->","yoast_head_json":{"title":"e-Zigaretten Hersteller - LIQUID-NEWS","description":"e-Zigaretten Hersteller \u00dcber 90% aller in Deutschland vertriebenen eZigaretten stammen aus China; fast das gleiche l\u00e4sst sich von den angebotenen Liquids sa","robots":{"index":"index","follow":"follow","max-snippet":"max-snippet:-1","max-image-preview":"max-image-preview:large","max-video-preview":"max-video-preview:-1"},"canonical":"https:\/\/liquid-news.com\/e-zigaretten\/e-zigaretten-hersteller-4\/","og_locale":"de_DE","og_type":"article","og_title":"e-Zigaretten Hersteller - LIQUID-NEWS","og_description":"e-Zigaretten Hersteller \u00dcber 90% aller in Deutschland vertriebenen eZigaretten stammen aus China; fast das gleiche l\u00e4sst sich von den angebotenen Liquids sa","og_url":"https:\/\/liquid-news.com\/e-zigaretten\/e-zigaretten-hersteller-4\/","og_site_name":"ezigaretten","article_publisher":"https:\/\/www.facebook.com\/pages\/Liquid-News\/547479922011571","article_modified_time":"2020-07-20T18:44:34+00:00","og_image":[{"url":"https:\/\/liquid-news.com\/e-zigaretten\/wp-content\/uploads\/2020\/07\/e-Zigaretten-Hersteller.jpg","type":"","width":"","height":""}],"twitter_card":"summary_large_image","twitter_site":"@LiquidNews","twitter_misc":{"Gesch\u00e4tzte Lesezeit":"5\u00a0Minuten"},"schema":{"@context":"https:\/\/schema.org","@graph":[{"@type":"WebPage","@id":"https:\/\/liquid-news.com\/e-zigaretten\/e-zigaretten-hersteller-4\/","url":"https:\/\/liquid-news.com\/e-zigaretten\/e-zigaretten-hersteller-4\/","name":"e-Zigaretten Hersteller - LIQUID-NEWS","isPartOf":{"@id":"https:\/\/1ln.liquid-news.com\/e-zigaretten\/#website"},"primaryImageOfPage":{"@id":"https:\/\/liquid-news.com\/e-zigaretten\/e-zigaretten-hersteller-4\/#primaryimage"},"image":{"@id":"https:\/\/liquid-news.com\/e-zigaretten\/e-zigaretten-hersteller-4\/#primaryimage"},"thumbnailUrl":"https:\/\/liquid-news.com\/e-zigaretten\/wp-content\/uploads\/2020\/07\/e-Zigaretten-Hersteller.jpg","datePublished":"2013-12-04T13:45:53+00:00","dateModified":"2020-07-20T18:44:34+00:00","description":"e-Zigaretten Hersteller \u00dcber 90% aller in Deutschland vertriebenen eZigaretten stammen aus China; fast das gleiche l\u00e4sst sich von den angebotenen Liquids sa","breadcrumb":{"@id":"https:\/\/liquid-news.com\/e-zigaretten\/e-zigaretten-hersteller-4\/#breadcrumb"},"inLanguage":"de","potentialAction":[{"@type":"ReadAction","target":["https:\/\/liquid-news.com\/e-zigaretten\/e-zigaretten-hersteller-4\/"]}]},{"@type":"ImageObject","inLanguage":"de","@id":"https:\/\/liquid-news.com\/e-zigaretten\/e-zigaretten-hersteller-4\/#primaryimage","url":"https:\/\/liquid-news.com\/e-zigaretten\/wp-content\/uploads\/2020\/07\/e-Zigaretten-Hersteller.jpg","contentUrl":"https:\/\/liquid-news.com\/e-zigaretten\/wp-content\/uploads\/2020\/07\/e-Zigaretten-Hersteller.jpg","width":640,"height":360,"caption":"e-Zigaretten Hersteller"},{"@type":"BreadcrumbList","@id":"https:\/\/liquid-news.com\/e-zigaretten\/e-zigaretten-hersteller-4\/#breadcrumb","itemListElement":[{"@type":"ListItem","position":1,"name":"Home","item":"https:\/\/liquid-news.com\/e-zigaretten\/"},{"@type":"ListItem","position":2,"name":"e-Zigaretten Hersteller"}]},{"@type":"WebSite","@id":"https:\/\/1ln.liquid-news.com\/e-zigaretten\/#website","url":"https:\/\/1ln.liquid-news.com\/e-zigaretten\/","name":"ezigaretten","description":"Das Online Magazin f\u00fcr e-Zigaretten und Liquids","potentialAction":[{"@type":"SearchAction","target":{"@type":"EntryPoint","urlTemplate":"https:\/\/1ln.liquid-news.com\/e-zigaretten\/?s={search_term_string}"},"query-input":{"@type":"PropertyValueSpecification","valueRequired":true,"valueName":"search_term_string"}}],"inLanguage":"de"}]}},"_links":{"self":[{"href":"https:\/\/liquid-news.com\/e-zigaretten\/wp-json\/wp\/v2\/pages\/981","targetHints":{"allow":["GET"]}}],"collection":[{"href":"https:\/\/liquid-news.com\/e-zigaretten\/wp-json\/wp\/v2\/pages"}],"about":[{"href":"https:\/\/liquid-news.com\/e-zigaretten\/wp-json\/wp\/v2\/types\/page"}],"author":[{"embeddable":true,"href":"https:\/\/liquid-news.com\/e-zigaretten\/wp-json\/wp\/v2\/users\/3"}],"replies":[{"embeddable":true,"href":"https:\/\/liquid-news.com\/e-zigaretten\/wp-json\/wp\/v2\/comments?post=981"}],"version-history":[{"count":0,"href":"https:\/\/liquid-news.com\/e-zigaretten\/wp-json\/wp\/v2\/pages\/981\/revisions"}],"wp:attachment":[{"href":"https:\/\/liquid-news.com\/e-zigaretten\/wp-json\/wp\/v2\/media?parent=981"}],"wp:term":[{"taxonomy":"category","embeddable":true,"href":"https:\/\/liquid-news.com\/e-zigaretten\/wp-json\/wp\/v2\/categories?post=981"},{"taxonomy":"post_tag","embeddable":true,"href":"https:\/\/liquid-news.com\/e-zigaretten\/wp-json\/wp\/v2\/tags?post=981"}],"curies":[{"name":"wp","href":"https:\/\/api.w.org\/{rel}","templated":true}]}}