{"id":19617,"date":"2020-07-08T15:38:49","date_gmt":"2020-07-08T15:38:49","guid":{"rendered":"https:\/\/liquid-news.com\/?page_id=19617"},"modified":"2020-09-14T19:12:40","modified_gmt":"2020-09-14T19:12:40","slug":"firmeneintrag-im-shopverzeichnis","status":"publish","type":"page","link":"https:\/\/liquid-news.com\/e-zigaretten\/firmeneintrag-im-shopverzeichnis\/","title":{"rendered":"Firmeneintrag im Shopverzeichnis"},"content":{"rendered":"<h1>E-Zigaretten Shop anmelden<\/h1>\n<p>Registrieren Sie ihre Firma und ihren Shop noch heute bei Liquid-News. Sie betreiben einen E-Zigaretten-Shop und suchen nach M\u00f6glichkeiten mehr Besucher f\u00fcr ihren E-Zigaretten Shop zu bekommen? Tragen Sie ihre Firma in unserem Verzeichnis ein und erreichen Sie genau die Zielgruppe die relevant f\u00fcr ihr Unternehmen ist.<\/p><div class=\"ln-132-firstparagraph ln-entity-placement\" id=\"ln-1117882800\"><div id=\"ln-4002684258\"><a href=\"https:\/\/a.check24.net\/misc\/click.php?pid=120053&amp;aid=18&amp;deep=handytarife&amp;cat=7\"><img loading=\"lazy\" decoding=\"async\" class=\"alignnone size-full wp-image-6519\" src=\"https:\/\/liquid-news.com\/wp-content\/uploads\/2024\/02\/Check24Mobi234.jpg\" alt=\"\" width=\"234\" height=\"60\" \/><\/a><\/div><\/div>\n<h2>Der Shop Eintrag: Einfach und kostenlos<\/h2>\n<ul>\n<li>Mit einem kostenlosen Eintrag auf unserer Webseite erh\u00f6hen Sie ihre Sichtbarkeit<\/li>\n<li>Monatlich besuchen uns Tausende von Dampfern und Menschen, die sich f\u00fcr das Dampfen interessieren<\/li>\n<li>Testen Sie unser Shop Verzeichnis mit einem 6-monatigen kostenfreien Eintrag<\/li>\n<\/ul>\n<h2>Ihr Shop im E-Zigaretten Webverzeichnis<\/h2>\n<p>Lokalen Fachh\u00e4ndlern und Online Shops bieten wir die M\u00f6glichkeit sich in unserem Webverzeichnis kostenlos einzutragen. Profitieren Sie mit ihrem Gesch\u00e4ft von unserem Service. In unserem Webverzeichnis k\u00f6nnen sich Selbstst\u00e4ndige aus den Bereichen Head Shop, Vape Shop, Shisha Shop, Liquid Shop und E-Zigaretten Shop eintragen.<\/p>\n<p><strong>So einfach geht es!<\/strong><br \/>\n<a href=\"https:\/\/liquid-news.com\/e-zigaretten\/mein-konto\/\">Registrieren Sie sich hier. Nach ihrer Anmeldung werden Sie zur Erstellung ihres Eintrags weitergeleitet.<\/a><\/p><div class=\"ln-300-bottom ln-entity-placement\" id=\"ln-3217801002\"><div id=\"ln-3857331504\"><a href=\"https:\/\/a.check24.net\/misc\/click.php?pid=120053&amp;aid=18&amp;deep=stromanbieter-wechseln&amp;cat=1\" target=\"_blank\" rel=\"nofollow sponsered noopener\"><img loading=\"lazy\" decoding=\"async\" class=\"alignnone wp-image-6520 size-full\" src=\"https:\/\/liquid-news.com\/wp-content\/uploads\/2024\/02\/Check24Stromanbieter.jpg\" alt=\"\" width=\"300\" height=\"250\" \/><\/a><\/div><\/div>\n","protected":false},"excerpt":{"rendered":"<p>E-Zigaretten Shop anmelden Registrieren Sie ihre Firma und ihren Shop noch heute bei Liquid-News. Sie betreiben einen E-Zigaretten-Shop und suchen nach M\u00f6glichkeiten mehr Besucher f\u00fcr ihren E-Zigaretten Shop zu bekommen? Tragen Sie ihre Firma in unserem Verzeichnis ein und erreichen Sie genau die Zielgruppe die relevant f\u00fcr ihr Unternehmen ist. Der Shop Eintrag: Einfach und [&hellip;]<\/p>\n","protected":false},"author":3,"featured_media":0,"parent":0,"menu_order":0,"comment_status":"closed","ping_status":"closed","template":"","meta":{"footnotes":""},"categories":[],"tags":[],"class_list":["post-19617","page","type-page","status-publish","hentry"],"yoast_head":"<!-- This site is optimized with the Yoast SEO plugin v27.5 - https:\/\/yoast.com\/product\/yoast-seo-wordpress\/ -->\n<title>E-Zigaretten Shop eintragen: Kostenloser Firmeneintrag<\/title>\n<meta name=\"description\" content=\"Tragen Sie ihren Shop kostenlos im Branchenverzeichnis f\u00fcr elektronische Zigarretten auf Liquid-News ein.\" \/>\n<meta name=\"robots\" content=\"index, follow, max-snippet:-1, max-image-preview:large, max-video-preview:-1\" \/>\n<link rel=\"canonical\" href=\"https:\/\/liquid-news.com\/e-zigaretten\/firmeneintrag-im-shopverzeichnis\/\" \/>\n<meta property=\"og:locale\" content=\"de_DE\" \/>\n<meta property=\"og:type\" content=\"article\" \/>\n<meta property=\"og:title\" content=\"E-Zigaretten Shop eintragen: Kostenloser Firmeneintrag\" \/>\n<meta property=\"og:description\" content=\"Tragen Sie ihren Shop kostenlos im Branchenverzeichnis f\u00fcr elektronische Zigarretten auf Liquid-News ein.\" \/>\n<meta property=\"og:url\" content=\"https:\/\/liquid-news.com\/e-zigaretten\/firmeneintrag-im-shopverzeichnis\/\" \/>\n<meta property=\"og:site_name\" content=\"ezigaretten\" \/>\n<meta property=\"article:publisher\" content=\"https:\/\/www.facebook.com\/pages\/Liquid-News\/547479922011571\" \/>\n<meta property=\"article:modified_time\" content=\"2020-09-14T19:12:40+00:00\" \/>\n<meta name=\"twitter:card\" content=\"summary_large_image\" \/>\n<meta name=\"twitter:site\" content=\"@LiquidNews\" \/>\n<meta name=\"twitter:label1\" content=\"Gesch\u00e4tzte Lesezeit\" \/>\n\t<meta name=\"twitter:data1\" content=\"1\u00a0Minute\" \/>\n<script type=\"application\/ld+json\" class=\"yoast-schema-graph\">{\"@context\":\"https:\\\/\\\/schema.org\",\"@graph\":[{\"@type\":\"WebPage\",\"@id\":\"https:\\\/\\\/liquid-news.com\\\/e-zigaretten\\\/firmeneintrag-im-shopverzeichnis\\\/\",\"url\":\"https:\\\/\\\/liquid-news.com\\\/e-zigaretten\\\/firmeneintrag-im-shopverzeichnis\\\/\",\"name\":\"E-Zigaretten Shop eintragen: Kostenloser Firmeneintrag\",\"isPartOf\":{\"@id\":\"https:\\\/\\\/1ln.liquid-news.com\\\/e-zigaretten\\\/#website\"},\"datePublished\":\"2020-07-08T15:38:49+00:00\",\"dateModified\":\"2020-09-14T19:12:40+00:00\",\"description\":\"Tragen Sie ihren Shop kostenlos im Branchenverzeichnis f\u00fcr elektronische Zigarretten auf Liquid-News ein.\",\"breadcrumb\":{\"@id\":\"https:\\\/\\\/liquid-news.com\\\/e-zigaretten\\\/firmeneintrag-im-shopverzeichnis\\\/#breadcrumb\"},\"inLanguage\":\"de\",\"potentialAction\":[{\"@type\":\"ReadAction\",\"target\":[\"https:\\\/\\\/liquid-news.com\\\/e-zigaretten\\\/firmeneintrag-im-shopverzeichnis\\\/\"]}]},{\"@type\":\"BreadcrumbList\",\"@id\":\"https:\\\/\\\/liquid-news.com\\\/e-zigaretten\\\/firmeneintrag-im-shopverzeichnis\\\/#breadcrumb\",\"itemListElement\":[{\"@type\":\"ListItem\",\"position\":1,\"name\":\"Home\",\"item\":\"https:\\\/\\\/liquid-news.com\\\/e-zigaretten\\\/\"},{\"@type\":\"ListItem\",\"position\":2,\"name\":\"Firmeneintrag im Shopverzeichnis\"}]},{\"@type\":\"WebSite\",\"@id\":\"https:\\\/\\\/1ln.liquid-news.com\\\/e-zigaretten\\\/#website\",\"url\":\"https:\\\/\\\/1ln.liquid-news.com\\\/e-zigaretten\\\/\",\"name\":\"ezigaretten\",\"description\":\"Das Online Magazin f\u00fcr e-Zigaretten und Liquids\",\"potentialAction\":[{\"@type\":\"SearchAction\",\"target\":{\"@type\":\"EntryPoint\",\"urlTemplate\":\"https:\\\/\\\/1ln.liquid-news.com\\\/e-zigaretten\\\/?s={search_term_string}\"},\"query-input\":{\"@type\":\"PropertyValueSpecification\",\"valueRequired\":true,\"valueName\":\"search_term_string\"}}],\"inLanguage\":\"de\"}]}<\/script>\n<!-- \/ Yoast SEO plugin. -->","yoast_head_json":{"title":"E-Zigaretten Shop eintragen: Kostenloser Firmeneintrag","description":"Tragen Sie ihren Shop kostenlos im Branchenverzeichnis f\u00fcr elektronische Zigarretten auf Liquid-News ein.","robots":{"index":"index","follow":"follow","max-snippet":"max-snippet:-1","max-image-preview":"max-image-preview:large","max-video-preview":"max-video-preview:-1"},"canonical":"https:\/\/liquid-news.com\/e-zigaretten\/firmeneintrag-im-shopverzeichnis\/","og_locale":"de_DE","og_type":"article","og_title":"E-Zigaretten Shop eintragen: Kostenloser Firmeneintrag","og_description":"Tragen Sie ihren Shop kostenlos im Branchenverzeichnis f\u00fcr elektronische Zigarretten auf Liquid-News ein.","og_url":"https:\/\/liquid-news.com\/e-zigaretten\/firmeneintrag-im-shopverzeichnis\/","og_site_name":"ezigaretten","article_publisher":"https:\/\/www.facebook.com\/pages\/Liquid-News\/547479922011571","article_modified_time":"2020-09-14T19:12:40+00:00","twitter_card":"summary_large_image","twitter_site":"@LiquidNews","twitter_misc":{"Gesch\u00e4tzte Lesezeit":"1\u00a0Minute"},"schema":{"@context":"https:\/\/schema.org","@graph":[{"@type":"WebPage","@id":"https:\/\/liquid-news.com\/e-zigaretten\/firmeneintrag-im-shopverzeichnis\/","url":"https:\/\/liquid-news.com\/e-zigaretten\/firmeneintrag-im-shopverzeichnis\/","name":"E-Zigaretten Shop eintragen: Kostenloser Firmeneintrag","isPartOf":{"@id":"https:\/\/1ln.liquid-news.com\/e-zigaretten\/#website"},"datePublished":"2020-07-08T15:38:49+00:00","dateModified":"2020-09-14T19:12:40+00:00","description":"Tragen Sie ihren Shop kostenlos im Branchenverzeichnis f\u00fcr elektronische Zigarretten auf Liquid-News ein.","breadcrumb":{"@id":"https:\/\/liquid-news.com\/e-zigaretten\/firmeneintrag-im-shopverzeichnis\/#breadcrumb"},"inLanguage":"de","potentialAction":[{"@type":"ReadAction","target":["https:\/\/liquid-news.com\/e-zigaretten\/firmeneintrag-im-shopverzeichnis\/"]}]},{"@type":"BreadcrumbList","@id":"https:\/\/liquid-news.com\/e-zigaretten\/firmeneintrag-im-shopverzeichnis\/#breadcrumb","itemListElement":[{"@type":"ListItem","position":1,"name":"Home","item":"https:\/\/liquid-news.com\/e-zigaretten\/"},{"@type":"ListItem","position":2,"name":"Firmeneintrag im Shopverzeichnis"}]},{"@type":"WebSite","@id":"https:\/\/1ln.liquid-news.com\/e-zigaretten\/#website","url":"https:\/\/1ln.liquid-news.com\/e-zigaretten\/","name":"ezigaretten","description":"Das Online Magazin f\u00fcr e-Zigaretten und Liquids","potentialAction":[{"@type":"SearchAction","target":{"@type":"EntryPoint","urlTemplate":"https:\/\/1ln.liquid-news.com\/e-zigaretten\/?s={search_term_string}"},"query-input":{"@type":"PropertyValueSpecification","valueRequired":true,"valueName":"search_term_string"}}],"inLanguage":"de"}]}},"_links":{"self":[{"href":"https:\/\/liquid-news.com\/e-zigaretten\/wp-json\/wp\/v2\/pages\/19617","targetHints":{"allow":["GET"]}}],"collection":[{"href":"https:\/\/liquid-news.com\/e-zigaretten\/wp-json\/wp\/v2\/pages"}],"about":[{"href":"https:\/\/liquid-news.com\/e-zigaretten\/wp-json\/wp\/v2\/types\/page"}],"author":[{"embeddable":true,"href":"https:\/\/liquid-news.com\/e-zigaretten\/wp-json\/wp\/v2\/users\/3"}],"replies":[{"embeddable":true,"href":"https:\/\/liquid-news.com\/e-zigaretten\/wp-json\/wp\/v2\/comments?post=19617"}],"version-history":[{"count":0,"href":"https:\/\/liquid-news.com\/e-zigaretten\/wp-json\/wp\/v2\/pages\/19617\/revisions"}],"wp:attachment":[{"href":"https:\/\/liquid-news.com\/e-zigaretten\/wp-json\/wp\/v2\/media?parent=19617"}],"wp:term":[{"taxonomy":"category","embeddable":true,"href":"https:\/\/liquid-news.com\/e-zigaretten\/wp-json\/wp\/v2\/categories?post=19617"},{"taxonomy":"post_tag","embeddable":true,"href":"https:\/\/liquid-news.com\/e-zigaretten\/wp-json\/wp\/v2\/tags?post=19617"}],"curies":[{"name":"wp","href":"https:\/\/api.w.org\/{rel}","templated":true}]}}